s 254443 - -14?
254457
In base 11, what is -520 - 4a?
-56a
In base 3, what is -121002221 + 100?
-121002121
In base 16, what is e6 - 105?
-1f
In base 9, what is 15222 - 13?
15208
In base 13, what is 19 - 24a?
-231
In base 8, what is -34001 + -107?
-34110
In base 2, what is 1 + -10010101001?
-10010101000
In base 13, what is -20a8 - -257?
-1b51
In base 13, what is 9 + 12887?
12893
In base 8, what is 256720 - 4?
256714
In base 16, what is -38653 - -4?
-3864f
In base 16, what is -a + 6a63?
6a59
In base 5, what is -30030 + -1?
-30031
In base 4, what is 221 - 12220130?
-12213303
In base 4, what is -11 + 323012120?
323012103
In base 11, what is 185 - 421?
-247
In base 16, what is -7f6cc9 - -3?
-7f6cc6
In base 12, what is -2129a - 4?
-212a2
In base 13, what is 3 + 11989?
1198c
In base 5, what is 12 + 324314?
324331
In base 4, what is 21113 + 11?
21130
In base 2, what is -101100111011010 - -1000?
-101100111010010
In base 8, what is 13 + 260314?
260327
In base 13, what is -510ba - 6?
-510c3
In base 3, what is -12 + 1210021021?
1210021002
In base 8, what is 2560 + -127?
2431
In base 14, what is -1a - -675a?
6740
In base 10, what is -24 - 113?
-137
In base 6, what is -33 + -12220?
-12253
In base 13, what is 34c7 - -2a?
3524
In base 12, what is 11121 + -18?
11105
In base 3, what is 11 - 1210012100?
-1210012012
In base 9, what is 5 + 4723?
4728
In base 3, what is -2010201112 - -1?
-2010201111
In base 12, what is -5 + -177980?
-177985
In base 13, what is 36 + -142?
-109
In base 14, what is da - -61d?
719
In base 14, what is 1c1 - -288?
469
In base 12, what is -56 - -18b?
135
In base 14, what is 3 - 55c9?
-55c6
In base 6, what is -25132 + 3?
-25125
In base 2, what is 11001100110110 + -11?
11001100110011
In base 16, what is -77 + -3e?
-b5
In base 7, what is -104 - -125500?
125363
In base 4, what is -2321220 - -3?
-2321211
In base 16, what is 2 - 12f2?
-12f0
In base 11, what is -14607 + 9?
-145a9
In base 4, what is -10 + -2123011?
-2123021
In base 2, what is 111011 - 10000010001011?
-10000001010000
In base 10, what is 18999 - 2?
18997
In base 4, what is -11 - -2111021?
2111010
In base 8, what is 4 - 56036?
-56032
In base 2, what is 110 - -1110000011001110?
1110000011010100
In base 7, what is -14 + -131150?
-131164
In base 5, what is 21 - -342012?
342033
In base 7, what is -2 + 113466?
113464
In base 6, what is -22 - 14000?
-14022
In base 14, what is 1a5 - -a?
1b1
In base 13, what is 5b852 - -5?
5b857
In base 11, what is -2393 + a?
-2384
In base 15, what is 2728 - -20?
2748
In base 5, what is -1024 + -44203?
-100232
In base 4, what is -2 - 101000?
-101002
In base 7, what is 5321504 + -2?
5321502
In base 13, what is 4c926 + 0?
4c926
In base 3, what is 121 + 121111100?
121111221
In base 13, what is 524 + 42?
566
In base 14, what is 113a47 + 5?
113a4c
In base 10, what is 17 + -216?
-199
In base 5, what is 102300 + -2?
102243
In base 7, what is 43 + -24440?
-24364
In base 9, what is 17 - -44065?
44083
In base 2, what is -100001111 + -1010001011?
-1110011010
In base 10, what is 526111 - -9?
526120
In base 4, what is 12112101 - 1?
12112100
In base 3, what is 1222001121 - 10121?
1221221000
In base 12, what is 16b52b + 5?
16b534
In base 12, what is 812 - -a?
820
In base 11, what is -10537 - -6?
-10531
In base 6, what is 23 + 40110?
40133
In base 8, what is 5426031 + -2?
5426027
In base 13, what is -18ba + -130?
-1a1a
In base 15, what is -18 + c8a?
c72
In base 13, what is 0 + 94c61?
94c61
In base 14, what is 2 + -19c48?
-19c46
In base 5, what is 101 + 21444?
22100
In base 8, what is -172 + 13?
-157
In base 7, what is 260152 - -4?
260156
In base 4, what is 1112320 + -11?
1112303
In base 15, what is 3cb9 + -4?
3cb5
In base 3, what is 2210102 - 1220011?
220021
In base 5, what is 2 + -34200134?
-34200132
In base 15, what is -7e87c - 0?
-7e87c
In base 5, what is -241200 + -21?
-241221
In base 13, what is 9cb1 - 53?
9c5b
In base 2, what is 1 + 11001001001110110?
11001001001110111
In base 2, what is 110 + -100110001001?
-100110000011
In base 5, what is -1114 - -112013?
110344
In base 8, what is -6061 + -11?
-6072
In base 8, what is 3 + -450040?
-450035
In base 14, what is -9 - 15b?
-166
In base 7, what is -12451145 + 4?
-12451141
In base 8, what is 0 + 176424?
176424
In base 5, what is 4 + 222013?
222022
In base 3, what is -101011 - 101?
-101112
In base 16, what is 7 + -8c45?
-8c3e
In base 12, what is -9920 + 6?
-9916
In base 7, what is -455 + -301?
-1056
In base 6, what is 5 - -5010?
5015
In base 6, what is 2343140 - -3?
2343143
In base 16, what is -4a2c9 + -8?
-4a2d1
In base 16, what is -6320 + 2?
-631e
In base 4, what is 2021320 + -10002?
2011312
In base 15, what is 5 - -1b2?
1b7
In base 4, what is -232 + -1211120?
-1212012
In base 15, what is -1 + -23b58?
-23b59
In base 2, what is -100 + 110101111010?
110101110110
In base 9, what is 212453 - -2?
212455
In base 9, what is -4 + 73534?
73530
In base 16, what is -5407 - -53?
-53b4
In base 9, what is -8353 + -30?
-8383
In base 3, what is 2200 - -210012221?
210022121
In base 11, what is -4 + 15a0?
1597
In base 7, what is -52454132 - 0?
-52454132
In base 13, what is 0 - 29a85?
-29a85
In base 12, what is 2 - -325b53?
325b55
In base 4, what is -123033 - 200?
-123233
In base 6, what is 454214 - 0?
454214
In base 16, what is -157f + c?
-1573
In base 15, what is 5 + -16b071?
-16b06b
In base 10, what is 417 + -734?
-317
In base 12, what is -23968a - 4?
-239692
In base 2, what is 11101100011100 - 101?
11101100010111
In base 10, what is 3088 + 11?
3099
In base 3, what is 2212022001022 - -10?
2212022001102
In base 8, what is 2 + -50712?
-50710
In base 14, what is 1 + 112a?
112b
In base 10, what is -2623 - 782?
-3405
In base 10, what is 86645 + -5?
86640
In base 6, what is -2551044 + 5?
-2551035
In base 9, what is -10 - 157?
-167
In base 4, what is -32002 - 2301?
-100303
In base 5, what is -4 + 1034434?
1034430
In base 4, what is 1012000 - -1013?
1013013
In base 13, what is 797 + a7?
871
In base 13, what is -33a88 + 1?
-33a87
In base 15, what is -73e3a3 + 1?
-73e3a2
In base 15, what is -1 - -17c?
17b
In base 14, what is 80a + -13?
7d7
In base 7, what is -231 - -45350?
45116
In base 2, what is -100110000111010111001 - 11?
-100110000111010111100
In base 10, what is 4 - -50970?
50974
In base 12, what is -36b1 - 42?
-3733
In base 5, what is 4340 + -4321?
14
In base 7, what is 50415 + 30?
50445
In base 15, what is 4 - -3d?
42
In base 5, what is 0 - -1210410?
1210410
In base 16, what is -b - 4cb47?
-4cb52
In base 14, what is 5 + c1bc6?
c1bcb
In base 7, what is 36 + 101002?
101041
In base 6, what is 35231 + 5?
35240
In base 11, what is 31206 + -3?
31203
In base 16, what is 3 + 117cf?
117d2
In base 9, what is 5 - -4281?
4286
In base 3, what is 211020 - -110?
211200
In base 15, what is -3 - -65ec?
65e9
In base 8, what is 66547 - 1?
66546
In base 12, what is -129b39 + 5?
-129b34
In base 15, what is -12a4b - -12?
-12a39
In base 10, what is -10332 + -5?
-10337
In base 8, what is -1 - -60736?
60735
In base 10, what is 32975 - 4?
32971
In base 6, what is 24 - 10434?
-10410
In base 11, what is -4099 - 9?
-40a7
In base 9, what is 248 + 53?
312
In base 2, what is -1001 + 110110011101?
110110010100
In base 15, what is -1089d + 12?
-1088b
In base 6, what is -22 - -501313?
501251
In base 3, what is -1021202 - 12211?
-1111120
In base 7, what is -1016 - -314?
-402
In base 9, what is -443 - 20?
-463
In base 9, what is -1675 - 1808?
-3584
In base 10, what is -9565 - -3?
-9562
In base 16, what is -f - 65bc?
-65cb
In base 12, what is 26071 + -1b?
26052
In base 13, what is 47 + -1c47b?
-1c434
In base 6, what is 0 + 224351?
224351
In base 11, what is 38238 + 110?
38348
In base 5, what is -2 - -100333?
100331
In base 14, what is -139a - 5b9?
-1975
In base 13, what is -2 + -32584b?
-325850
In base 2, what is -10010000001000101 - 1000?
-10010000001001101
In base 12, what is -12205a6 + -3?
-12205a9
In base 9, what is -86 - 1637?
-1734
In base 14, what is -3 + 494b?
4948
In base 9, what is -102 + -32300?
-32402
In base 6, what is 442 - 11351?
-10505
In base 16, what is -46 + 11c?
d6
In base 13, what is 105621 - b?
105613
In base 11, what is 4125 + -52?
4083
In base 5, what is 31213 - -12113?
43331
In base 8, what is 4 - 1240741?
-1240735
In base 2, what is -11011000 + 